ate the remainder when 1029443 is divided by 10504.
51
Calculate the remainder when 595250 is divided by 1205.
1185
Calculate the remainder when 108627 is divided by 1617.
288
Calculate the remainder when 293451 is divided by 813.
771
What is the remainder when 4695822 is divided by 7?
5
Calculate the remainder when 2804 is divided by 1984.
820
What is the remainder when 18069422 is divided by 31?
18
Calculate the remainder when 523873 is divided by 163.
154
Calculate the remainder when 3967418 is divided by 61026.
728
Calculate the remainder when 44628 is divided by 20424.
3780
Calculate the remainder when 41921268 is divided by 4838.
4836
Calculate the remainder when 756067 is divided by 190.
57
Calculate the remainder when 1499807 is divided by 166643.
20
What is the remainder when 651452 is divided by 2378?
2258
What is the remainder when 4438585 is divided by 443857?
15
Calculate the remainder when 28510 is divided by 1018.
6
What is the remainder when 748421 is divided by 3981?
3974
What is the remainder when 523397 is divided by 938?
931
Calculate the remainder when 29144086 is divided by 116.
14
What is the remainder when 2913679 is divided by 971195?
94
Calculate the remainder when 507494 is divided by 26.
0
Calculate the remainder when 6013299 is divided by 1120.
19
Calculate the remainder when 8833177 is divided by 441658.
17
What is the remainder when 2081422 is divided by 91?
70
What is the remainder when 85511 is divided by 5025?
86
Calculate the remainder when 341011 is divided by 34076.
251
Calculate the remainder when 14488035 is divided by 4829327.
54
What is the remainder when 539902 is divided by 539649?
253
What is the remainder when 404994 is divided by 3820?
74
Calculate the remainder when 4920852 is divided by 546760.
12
What is the remainder when 178340 is divided by 1486?
20
What is the remainder when 32586 is divided by 3533?
789
What is the remainder when 20863 is divided by 6299?
1966
Calculate the remainder when 983739 is divided by 3369.
3360
What is the remainder when 130218127 is divided by 2467?
2466
What is the remainder when 200160 is divided by 100013?
134
What is the remainder when 11166 is divided by 730?
216
Calculate the remainder when 759371 is divided by 1093.
829
What is the remainder when 6000631 is divided by 7?
0
Calculate the remainder when 65196002 is divided by 4.
2
What is the remainder when 2631025 is divided by 10?
5
What is the remainder when 12013946 is divided by 65?
61
What is the remainder when 282800 is divided by 11713?
1688
What is the remainder when 7032864 is divided by 3905?
3864
Calculate the remainder when 36661019 is divided by 2857.
2852
What is the remainder when 4558733 is divided by 911737?
48
Calculate the remainder when 46383 is divided by 2478.
1779
What is the remainder when 3598 is divided by 3090?
508
What is the remainder when 42761216 is divided by 20?
16
What is the remainder when 221746 is divided by 240?
226
What is the remainder when 47738 is divided by 535?
123
Calculate the remainder when 2964943 is divided by 83.
17
What is the remainder when 11455325 is divided by 454?
451
Calculate the remainder when 797292859 is divided by 12410.
12409
What is the remainder when 906426 is divided by 60428?
6
Calculate the remainder when 456534 is divided by 5927.
155
What is the remainder when 453090 is divided by 1672?
1650
What is the remainder when 96215569 is divided by 5?
4
Calculate the remainder when 67418214 is divided by 3548326.
20
What is the remainder when 613185 is divided by 811?
69
What is the remainder when 2631323 is divided by 1302?
1283
What is the remainder when 440804 is divided by 12232?
452
Calculate the remainder when 8730979 is divided by 9.
7
What is the remainder when 374173 is divided by 187072?
29
Calculate the remainder when 17140407 is divided by 1890.
1887
What is the remainder when 17844521 is divided by 8922230?
61
Calculate the remainder when 96881 is divided by 93.
68
What is the remainder when 1236869 is divided by 1952?
1253
What is the remainder when 7819214 is divided by 836?
106
Calculate the remainder when 40591361 is divided by 244.
9
Calculate the remainder when 28068 is divided by 164.
24
What is the remainder when 4123052 is divided by 3999?
83
What is the remainder when 60854806 is divided by 24479?
12
Calculate the remainder when 271712 is divided by 1754.
1596
What is the remainder when 240710 is divided by 895?
850
Calculate the remainder when 54846 is divided by 315.
36
Calculate the remainder when 852410 is divided by 1239.
1217
Calculate the remainder when 105658559 is divided by 16.
15
What is the remainder when 104689 is divided by 3116?
1861
Calculate the remainder when 2560256 is divided by 277.
222
Calculate the remainder when 495595876 is divided by 27.
22
Calculate the remainder when 22350 is divided by 553.
230
Calculate the remainder when 3067584 is divided by 766783.
452
Calculate the remainder when 49199549 is divided by 12041.
23
Calculate the remainder when 6780018 is divided by 26.
24
What is the remainder when 72444 is divided by 3350?
2094
What is the remainder when 208547 is divided by 5955?
122
What is the remainder when 118431937 is divided by 193?
189
Calculate the remainder when 156503 is divided by 245.
193
What is the remainder when 2674085 is divided by 99?
95
What is the remainder when 10016741 is divided by 38?
17
Calculate the remainder when 765854 is divided by 110.
34
What is the remainder when 335068 is divided by 234?
214
Calculate the remainder when 23981 is divided by 2664.
5
Calculate the remainder when 1394117633 is divided by 8252.
8249
Calculate the remainder when 882718 is divided by 1988.
46
Calculate the remainder when 11690283 is divided by 38838.
45
What is the remainder when 8350408 is divided by 850?
8
What is the remainder when 595236 is divided by 3403?
3114
What is the remainder when 29855 is divided by 29713?
142
Calculate the remainder when 6116954 is divided by 6116911.
43
What is the remainder when 11058619 is divided by 2431?
0
Calculate the remainder when 10420914 is divided by 190.
174
What is the remainder when 116089 is divided by 215?
204
Calculate the remainder when 5289308 is divided by 151123.
3
What is the remainder when 32009 is divided by 1776?
41
What is the remainder when 18543531 is divided by 7?
6
What is the remainder when 3961127 is divided by 31689?
2
Calculate the remainder when 7346589 is divided by 1685.
1674
Calculate the remainder when 2909674 is divided by 77.
75
What is the remainder when 467588280 is divided by 49?
47
What is the remainder when 530630 is divided by 6075?
2105
What is the remainder when 145660174 is divided by 455188?
14
Calculate the remainder when 4025523 is divided by 8083.
189
What is the remainder when 72630 is divided by 543?
411
What is the remainder when 12761289 is divided by 740?
729
Calculate the remainder when 1802941 is divided by 225364.
29
Calculate the remainder when 1780078 is divided by 593358.
4
What is the remainder when 5147114 is divided by 138?
128
Calculate the remainder when 478166 is divided by 1366.
66
Calculate the remainder when 190489275 is divided by 872.
3
What is the remainder when 123517 is divided by 24661?
212
What is the remainder when 8984709 is divided by 2246175?
9
Calculate the remainder when 25595 is divided by 8296.
707
What is the remainder when 205855 is divided by 17050?
1255
Calculate the remainder when 31931732 is divided by 1140419.
0
Calculate the remainder when 50493203 is divided by 247.
228
Calculate the remainder when 460863 is divided by 8004.
4635
What is the remainder when 21380 is divided by 5015?
1320
Calculate the remainder when 218470 is divided by 2399.
161
Calculate the remainder when 17094863 is divided by 5239.
6
What is the remainder when 300547 is divided by 33?
16
Calculate the remainder when 6882724 is divided by 112.
100
Calculate the remainder when 18711314 is divided by 4665.
4664
Calculate the remainder when 4183338 is divided by 174302.
90
Calculate the remainder when 273740 is divided by 3850.
390
What is the remainder when 7652660 is divided by 856?
20
Calculate the remainder when 167317 is divided by 188.
185
Calculate the remainder when 41349 is d